[INFO] fetching crate tc-basic-authorship 0.8.0...
[INFO] building tc-basic-authorship-0.8.0 against master#ff34b919075f35a1787659e9c448a34b06bab8de for issue-85264
[INFO] extracting crate tc-basic-authorship 0.8.0 into /workspace/builds/worker-7/source
[INFO] validating manifest of crates.io crate tc-basic-authorship 0.8.0 on toolchain ff34b919075f35a1787659e9c448a34b06bab8de
[INFO] running `Command { std: "/workspace/cargo-home/bin/cargo" "+ff34b919075f35a1787659e9c448a34b06bab8de" "metadata" "--manifest-path" "Cargo.toml" "--no-deps", kill_on_drop: false }`
[INFO] started tweaking crates.io crate tc-basic-authorship 0.8.0
[INFO] finished tweaking crates.io crate tc-basic-authorship 0.8.0
[INFO] tweaked toml for crates.io crate tc-basic-authorship 0.8.0 written to /workspace/builds/worker-7/source/Cargo.toml
[INFO] running `Command { std: "/workspace/cargo-home/bin/cargo" "+ff34b919075f35a1787659e9c448a34b06bab8de" "generate-lockfile" "--manifest-path" "Cargo.toml" "-Zno-index-update", kill_on_drop: false }`
[INFO] running `Command { std: "/workspace/cargo-home/bin/cargo" "+ff34b919075f35a1787659e9c448a34b06bab8de" "fetch" "--manifest-path" "Cargo.toml", kill_on_drop: false }`
[INFO] running `Command { std: "docker" "create" "-v" "/var/lib/crater-agent-workspace/builds/worker-7/target:/opt/rustwide/target:rw,Z" "-v" "/var/lib/crater-agent-workspace/builds/worker-7/source:/opt/rustwide/workdir:ro,Z" "-v" "/var/lib/crater-agent-workspace/cargo-home:/opt/rustwide/cargo-home:ro,Z" "-v" "/var/lib/crater-agent-workspace/rustup-home:/opt/rustwide/rustup-home:ro,Z" "-e" "SOURCE_DIR=/opt/rustwide/workdir" "-e" "CARGO_TARGET_DIR=/opt/rustwide/target" "-e" "CARGO_HOME=/opt/rustwide/cargo-home" "-e" "RUSTUP_HOME=/opt/rustwide/rustup-home" "-w" "/opt/rustwide/workdir" "-m" "1610612736" "--user" "0:0" "--network" "none" "ghcr.io/rust-lang/crates-build-env/linux@sha256:20528e8c29e4536546f0102ce88568b16ea7538393a33fcca951030f7af10457" "/opt/rustwide/cargo-home/bin/cargo" "+ff34b919075f35a1787659e9c448a34b06bab8de" "metadata" "--no-deps" "--format-version=1", kill_on_drop: false }`
[INFO] [stderr] WARNING: Your kernel does not support swap limit capabilities or the cgroup is not mounted. Memory limited without swap.
[INFO] [stdout] 34a8aba7d26e4f07dd372e2ceac0516e65f4d77abdf06152246c9211c49dea45
[INFO] running `Command { std: "docker" "start" "-a" "34a8aba7d26e4f07dd372e2ceac0516e65f4d77abdf06152246c9211c49dea45", kill_on_drop: false }`
[INFO] running `Command { std: "docker" "inspect" "34a8aba7d26e4f07dd372e2ceac0516e65f4d77abdf06152246c9211c49dea45", kill_on_drop: false }`
[INFO] running `Command { std: "docker" "rm" "-f" "34a8aba7d26e4f07dd372e2ceac0516e65f4d77abdf06152246c9211c49dea45", kill_on_drop: false }`
[INFO] [stdout] 34a8aba7d26e4f07dd372e2ceac0516e65f4d77abdf06152246c9211c49dea45
[INFO] running `Command { std: "docker" "create" "-v" "/var/lib/crater-agent-workspace/builds/worker-7/target:/opt/rustwide/target:rw,Z" "-v" "/var/lib/crater-agent-workspace/builds/worker-7/source:/opt/rustwide/workdir:ro,Z" "-v" "/var/lib/crater-agent-workspace/cargo-home:/opt/rustwide/cargo-home:ro,Z" "-v" "/var/lib/crater-agent-workspace/rustup-home:/opt/rustwide/rustup-home:ro,Z" "-e" "SOURCE_DIR=/opt/rustwide/workdir" "-e" "CARGO_TARGET_DIR=/opt/rustwide/target" "-e" "CARGO_INCREMENTAL=0" "-e" "RUST_BACKTRACE=full" "-e" "RUSTFLAGS=--cap-lints=forbid" "-e" "CARGO_HOME=/opt/rustwide/cargo-home" "-e" "RUSTUP_HOME=/opt/rustwide/rustup-home" "-w" "/opt/rustwide/workdir" "-m" "1610612736" "--user" "0:0" "--network" "none" "ghcr.io/rust-lang/crates-build-env/linux@sha256:20528e8c29e4536546f0102ce88568b16ea7538393a33fcca951030f7af10457" "/opt/rustwide/cargo-home/bin/cargo" "+ff34b919075f35a1787659e9c448a34b06bab8de" "build" "--frozen" "--message-format=json", kill_on_drop: false }`
[INFO] [stderr] WARNING: Your kernel does not support swap limit capabilities or the cgroup is not mounted. Memory limited without swap.
[INFO] [stdout] 65aa880e33761d96eba1c7666df50afa72456f2fda86e9bf36baab823de65445
[INFO] running `Command { std: "docker" "start" "-a" "65aa880e33761d96eba1c7666df50afa72456f2fda86e9bf36baab823de65445", kill_on_drop: false }`
[INFO] [stderr]    Compiling futures v0.1.31
[INFO] [stderr]    Compiling futures-util v0.3.15
[INFO] [stderr]    Compiling prometheus v0.10.0
[INFO] [stderr]    Compiling curve25519-dalek v3.1.0
[INFO] [stderr]    Compiling tracing v0.1.26
[INFO] [stderr]    Compiling libsecp256k1 v0.3.5
[INFO] [stderr]    Compiling curve25519-dalek v2.1.2
[INFO] [stderr]    Compiling merlin v2.0.1
[INFO] [stderr]    Compiling tiny-bip39 v0.8.0
[INFO] [stderr]    Compiling polling v2.0.3
[INFO] [stderr]    Compiling wasm-bindgen-backend v0.2.74
[INFO] [stderr]    Compiling tokio-util v0.3.1
[INFO] [stderr]    Compiling prost-build v0.7.0
[INFO] [stderr]    Compiling rustls v0.19.1
[INFO] [stderr]    Compiling tetcore-wasm-interface v2.0.2
[INFO] [stderr]    Compiling tetsy-primitive-types v0.9.0
[INFO] [stderr]    Compiling async-io v1.4.1
[INFO] [stderr]    Compiling tracing-subscriber v0.2.18
[INFO] [stderr]    Compiling tracing-futures v0.2.5
[INFO] [stderr]    Compiling if-watch v0.2.2
[INFO] [stderr]    Compiling async-global-executor v2.0.2
[INFO] [stderr]    Compiling async-process v1.1.0
[INFO] [stderr]    Compiling schnorrkel v0.9.1
[INFO] [stderr]    Compiling ed25519-dalek v1.0.1
[INFO] [stderr]    Compiling async-std v1.9.0
[INFO] [stderr]    Compiling wasm-bindgen-macro-support v0.2.74
[INFO] [stderr]    Compiling tetsy-libp2p-core v0.27.2
[INFO] [stderr]    Compiling tetsy-util-mem v0.9.0
[INFO] [stderr]    Compiling tetcore-tracing v2.0.2
[INFO] [stderr]    Compiling tetcore-bip39 v0.4.2
[INFO] [stderr]    Compiling tetsy-memory-db v0.26.0
[INFO] [stderr]    Compiling tetsy-kvdb v0.9.0
[INFO] [stderr]    Compiling tp-runtime-interface v2.0.2
[INFO] [stderr]    Compiling tetcore-database v2.0.2
[INFO] [stderr]    Compiling futures-rustls v0.21.1
[INFO] [stderr]    Compiling wasm-bindgen-macro v0.2.74
[INFO] [stderr]    Compiling wasm-bindgen v0.2.74
[INFO] [stderr]    Compiling futures-executor v0.3.15
[INFO] [stderr]    Compiling h2 v0.2.7
[INFO] [stderr]    Compiling js-sys v0.3.51
[INFO] [stderr]    Compiling futures v0.3.15
[INFO] [stderr]    Compiling rw-stream-sink v0.2.1
[INFO] [stderr]    Compiling tetsy-multistream-select v0.10.2
[INFO] [stderr]    Compiling wasm-timer v0.2.5
[INFO] [stderr]    Compiling soketto v0.4.2
[INFO] [stderr]    Compiling tetcore-utils v2.0.2
[INFO] [stderr]    Compiling tet-core v2.0.2
[INFO] [stderr]    Compiling wasm-bindgen-futures v0.4.24
[INFO] [stderr]    Compiling tetsy-libp2p-dns v0.27.2
[INFO] [stderr]    Compiling tetsy-libp2p-tcp v0.27.2
[INFO] [stderr]    Compiling tetsy-libp2p-websocket v0.28.2
[INFO] [stderr]    Compiling tetsy-libp2p-swarm v0.27.1
[INFO] [stderr]    Compiling tp-trie v2.0.2
[INFO] [stderr]    Compiling tp-keystore v0.8.1
[INFO] [stderr]    Compiling tp-inherents v2.0.2
[INFO] [stderr]    Compiling tp-allocator v2.0.2
[INFO] [stderr]    Compiling tetsy-libp2p-wasm-ext v0.27.1
[INFO] [stderr]    Compiling tp-state-machine v0.8.2
[INFO] [stderr]    Compiling tc-executor-common v0.8.0
[INFO] [stderr]    Compiling hyper v0.13.10
[INFO] [stderr]    Compiling tetsy-libp2p v0.34.3
[INFO] [stderr]    Compiling tc-executor-twasmi v0.8.0
[INFO] [stderr]    Compiling tc-telemetry v2.0.0
[INFO] [stderr]    Compiling tet-io v2.0.2
[INFO] [stderr]    Compiling prometheus-endpoint v0.8.1
[INFO] [stderr]    Compiling tet-application-crypto v2.0.2
[INFO] [stderr]    Compiling tp-tasks v2.0.1
[INFO] [stderr]    Compiling tc-proposer-metrics v0.8.0
[INFO] [stderr]    Compiling tp-runtime v2.0.2
[INFO] [stderr]    Compiling tp-version v2.0.2
[INFO] [stderr]    Compiling tp-api v2.0.2
[INFO] [stderr]    Compiling tp-consensus v0.8.2
[INFO] [stderr]    Compiling tc-executor v0.8.0
[INFO] [stderr]    Compiling tp-block-builder v2.0.2
[INFO] [stderr]    Compiling tp-blockchain v2.0.2
[INFO] [stderr]    Compiling tp-transaction-pool v2.0.2
[INFO] [stderr]    Compiling tc-client-api v2.0.0
[INFO] [stderr]    Compiling tc-block-builder v0.8.0
[INFO] [stderr]    Compiling tc-basic-authorship v0.8.0 (/opt/rustwide/workdir)
[INFO] [stderr]     Finished dev [unoptimized + debuginfo] target(s) in 3m 02s
[INFO] running `Command { std: "docker" "inspect" "65aa880e33761d96eba1c7666df50afa72456f2fda86e9bf36baab823de65445", kill_on_drop: false }`
[INFO] running `Command { std: "docker" "rm" "-f" "65aa880e33761d96eba1c7666df50afa72456f2fda86e9bf36baab823de65445", kill_on_drop: false }`
[INFO] [stdout] 65aa880e33761d96eba1c7666df50afa72456f2fda86e9bf36baab823de65445
[INFO] running `Command { std: "docker" "create" "-v" "/var/lib/crater-agent-workspace/builds/worker-7/target:/opt/rustwide/target:rw,Z" "-v" "/var/lib/crater-agent-workspace/builds/worker-7/source:/opt/rustwide/workdir:ro,Z" "-v" "/var/lib/crater-agent-workspace/cargo-home:/opt/rustwide/cargo-home:ro,Z" "-v" "/var/lib/crater-agent-workspace/rustup-home:/opt/rustwide/rustup-home:ro,Z" "-e" "SOURCE_DIR=/opt/rustwide/workdir" "-e" "CARGO_TARGET_DIR=/opt/rustwide/target" "-e" "CARGO_INCREMENTAL=0" "-e" "RUST_BACKTRACE=full" "-e" "RUSTFLAGS=--cap-lints=forbid" "-e" "CARGO_HOME=/opt/rustwide/cargo-home" "-e" "RUSTUP_HOME=/opt/rustwide/rustup-home" "-w" "/opt/rustwide/workdir" "-m" "1610612736" "--user" "0:0" "--network" "none" "ghcr.io/rust-lang/crates-build-env/linux@sha256:20528e8c29e4536546f0102ce88568b16ea7538393a33fcca951030f7af10457" "/opt/rustwide/cargo-home/bin/cargo" "+ff34b919075f35a1787659e9c448a34b06bab8de" "test" "--frozen" "--no-run" "--message-format=json", kill_on_drop: false }`
[INFO] [stdout] 46ac6e4b178da273f077ecdb6c676a671bb1e2781799f3f37d5ca53aafaeecae
[INFO] [stderr] WARNING: Your kernel does not support swap limit capabilities or the cgroup is not mounted. Memory limited without swap.
[INFO] running `Command { std: "docker" "start" "-a" "46ac6e4b178da273f077ecdb6c676a671bb1e2781799f3f37d5ca53aafaeecae", kill_on_drop: false }`
[INFO] [stderr]    Compiling semver-parser v0.7.0
[INFO] [stderr]    Compiling maybe-uninit v2.0.0
[INFO] [stderr]    Compiling futures-timer v2.0.2
[INFO] [stderr]    Compiling retain_mut v0.1.3
[INFO] [stderr]    Compiling linked-hash-map v0.5.4
[INFO] [stderr]    Compiling lock_api v0.3.4
[INFO] [stderr]    Compiling tc-transaction-graph v2.0.0
[INFO] [stderr]    Compiling intervalier v0.4.0
[INFO] [stderr]    Compiling semver v0.9.0
[INFO] [stderr]    Compiling smallvec v0.6.14
[INFO] [stderr]    Compiling rustc_version v0.2.3
[INFO] [stderr]    Compiling parking_lot_core v0.6.2
[INFO] [stderr]    Compiling parking_lot v0.9.0
[INFO] [stderr]    Compiling futures-diagnose v1.0.1
[INFO] [stderr]    Compiling tc-transaction-pool v2.0.0
[INFO] [stderr]    Compiling tc-basic-authorship v0.8.0 (/opt/rustwide/workdir)
[INFO] [stdout] error[E0433]: failed to resolve: use of undeclared crate or module `tetcore_test_runtime_client`
[INFO] [stdout]    --> src/basic_authorship.rs:374:6
[INFO] [stdout]     |
[INFO] [stdout] 374 |     use tetcore_test_runtime_client::{
[INFO] [stdout]     |         ^^^^^^^^^^^^^^^^^^^^^^^^^^^ use of undeclared crate or module `tetcore_test_runtime_client`
[INFO] [stdout] 
[INFO] [stdout] 
[INFO] [stdout] error[E0432]: unresolved imports `tetcore_test_runtime_client`, `tetcore_test_runtime_client::runtime::Extrinsic`, `tetcore_test_runtime_client::runtime::Transfer`
[INFO] [stdout]    --> src/basic_authorship.rs:374:6
[INFO] [stdout]     |
[INFO] [stdout] 374 |     use tetcore_test_runtime_client::{
[INFO] [stdout]     |         ^^^^^^^^^^^^^^^^^^^^^^^^^^^ use of undeclared crate or module `tetcore_test_runtime_client`
[INFO] [stdout] 375 |         prelude::*, TestClientBuilder, runtime::{Extrinsic, Transfer}, TestClientBuilderExt,
[INFO] [stdout]     |                                                  ^^^^^^^^^  ^^^^^^^^
[INFO] [stdout] 
[INFO] [stdout] 
[INFO] [stdout] error[E0433]: failed to resolve: use of undeclared type `AccountKeyring`
[INFO] [stdout]    --> src/basic_authorship.rs:390:10
[INFO] [stdout]     |
[INFO] [stdout] 390 |             from: AccountKeyring::Alice.into(),
[INFO] [stdout]     |                   ^^^^^^^^^^^^^^ use of undeclared type `AccountKeyring`
[INFO] [stdout] 
[INFO] [stdout] 
[INFO] [stdout] error[E0433]: failed to resolve: use of undeclared crate or module `tetcore_test_runtime_client`
[INFO] [stdout]    --> src/basic_authorship.rs:407:25
[INFO] [stdout]     |
[INFO] [stdout] 407 |         let client = Arc::new(tetcore_test_runtime_client::new());
[INFO] [stdout]     |                               ^^^^^^^^^^^^^^^^^^^^^^^^^^^ use of undeclared crate or module `tetcore_test_runtime_client`
[INFO] [stdout] 
[INFO] [stdout] 
[INFO] [stdout] error[E0433]: failed to resolve: use of undeclared crate or module `tetcore_test_runtime_client`
[INFO] [stdout]    --> src/basic_authorship.rs:465:25
[INFO] [stdout]     |
[INFO] [stdout] 465 |         let client = Arc::new(tetcore_test_runtime_client::new());
[INFO] [stdout]     |                               ^^^^^^^^^^^^^^^^^^^^^^^^^^^ use of undeclared crate or module `tetcore_test_runtime_client`
[INFO] [stdout] 
[INFO] [stdout] 
[INFO] [stdout] error[E0433]: failed to resolve: use of undeclared crate or module `tetcore_test_runtime_client`
[INFO] [stdout]    --> src/basic_authorship.rs:572:29
[INFO] [stdout]     |
[INFO] [stdout] 572 |         let mut client = Arc::new(tetcore_test_runtime_client::new());
[INFO] [stdout]     |                                   ^^^^^^^^^^^^^^^^^^^^^^^^^^^ use of undeclared crate or module `tetcore_test_runtime_client`
[INFO] [stdout] 
[INFO] [stdout] 
[INFO] [stdout] error[E0433]: failed to resolve: use of undeclared type `AccountKeyring`
[INFO] [stdout]    --> src/basic_authorship.rs:588:12
[INFO] [stdout]     |
[INFO] [stdout] 588 |                     from: AccountKeyring::Alice.into(),
[INFO] [stdout]     |                           ^^^^^^^^^^^^^^ use of undeclared type `AccountKeyring`
[INFO] [stdout] 
[INFO] [stdout] 
[INFO] [stdout] error[E0433]: failed to resolve: use of undeclared type `AccountKeyring`
[INFO] [stdout]    --> src/basic_authorship.rs:595:12
[INFO] [stdout]     |
[INFO] [stdout] 595 |                     from: AccountKeyring::Alice.into(),
[INFO] [stdout]     |                           ^^^^^^^^^^^^^^ use of undeclared type `AccountKeyring`
[INFO] [stdout] 
[INFO] [stdout] 
[INFO] [stdout] error[E0412]: cannot find type `Extrinsic` in this scope
[INFO] [stdout]    --> src/basic_authorship.rs:386:30
[INFO] [stdout]     |
[INFO] [stdout] 386 |     fn extrinsic(nonce: u64) -> Extrinsic {
[INFO] [stdout]     |                                 ^^^^^^^^^ not found in this scope
[INFO] [stdout]     |
[INFO] [stdout] help: consider importing this trait
[INFO] [stdout]     |
[INFO] [stdout] 370 |     use tp_runtime::traits::Extrinsic;
[INFO] [stdout]     |
[INFO] [stdout] 
[INFO] [stdout] 
[INFO] [stdout] error[E0422]: cannot find struct, variant or union type `Transfer` in this scope
[INFO] [stdout]    --> src/basic_authorship.rs:387:3
[INFO] [stdout]     |
[INFO] [stdout] 387 |         Transfer {
[INFO] [stdout]     |         ^^^^^^^^ not found in this scope
[INFO] [stdout] 
[INFO] [stdout] 
[INFO] [stdout] error[E0422]: cannot find struct, variant or union type `Transfer` in this scope
[INFO] [stdout]    --> src/basic_authorship.rs:585:5
[INFO] [stdout]     |
[INFO] [stdout] 585 |                 Transfer {
[INFO] [stdout]     |                 ^^^^^^^^ not found in this scope
[INFO] [stdout] 
[INFO] [stdout] 
[INFO] [stdout] error[E0422]: cannot find struct, variant or union type `Transfer` in this scope
[INFO] [stdout]    --> src/basic_authorship.rs:592:5
[INFO] [stdout]     |
[INFO] [stdout] 592 |                 Transfer {
[INFO] [stdout]     |                 ^^^^^^^^ not found in this scope
[INFO] [stdout] 
[INFO] [stdout] 
[INFO] [stdout] error[E0412]: cannot find type `TestClient` in this scope
[INFO] [stdout]    --> src/basic_authorship.rs:610:13
[INFO] [stdout]     |
[INFO] [stdout] 610 |             client: &TestClient,
[INFO] [stdout]     |                      ^^^^^^^^^^ not found in this scope
[INFO] [stdout] 
[INFO] [stdout] 
[INFO] [stdout] error[E0599]: no method named `clone` found for struct `std::sync::Arc<_>` in the current scope
[INFO] [stdout]    --> src/basic_authorship.rs:413:11
[INFO] [stdout]     |
[INFO] [stdout] 413 |             client.clone(),
[INFO] [stdout]     |                    ^^^^^ method not found in `std::sync::Arc<_>`
[INFO] [stdout]     |
[INFO] [stdout]     = note: `client` is a function, perhaps you wish to call it
[INFO] [stdout] 
[INFO] [stdout] 
[INFO] [stdout] error[E0599]: no method named `header` found for struct `std::sync::Arc<_>` in the current scope
[INFO] [stdout]    --> src/basic_authorship.rs:422:12
[INFO] [stdout]     |
[INFO] [stdout] 422 |                 client.header(&BlockId::Number(0u64))
[INFO] [stdout]     |                        ^^^^^^ method not found in `std::sync::Arc<_>`
[INFO] [stdout]     |
[INFO] [stdout]     = note: `client` is a function, perhaps you wish to call it
[INFO] [stdout] 
[INFO] [stdout] 
[INFO] [stdout] error[E0599]: no method named `clone` found for struct `std::sync::Arc<_>` in the current scope
[INFO] [stdout]    --> src/basic_authorship.rs:430:11
[INFO] [stdout]     |
[INFO] [stdout] 430 |             client.clone(),
[INFO] [stdout]     |                    ^^^^^ method not found in `std::sync::Arc<_>`
[INFO] [stdout]     |
[INFO] [stdout]     = note: `client` is a function, perhaps you wish to call it
[INFO] [stdout] 
[INFO] [stdout] 
[INFO] [stdout] error[E0599]: no method named `header` found for struct `std::sync::Arc<_>` in the current scope
[INFO] [stdout]    --> src/basic_authorship.rs:437:12
[INFO] [stdout]     |
[INFO] [stdout] 437 |             &client.header(&BlockId::number(0)).unwrap().unwrap(),
[INFO] [stdout]     |                     ^^^^^^ method not found in `std::sync::Arc<_>`
[INFO] [stdout]     |
[INFO] [stdout]     = note: `client` is a function, perhaps you wish to call it
[INFO] [stdout] 
[INFO] [stdout] 
[INFO] [stdout] error[E0599]: no method named `clone` found for struct `std::sync::Arc<_>` in the current scope
[INFO] [stdout]    --> src/basic_authorship.rs:471:11
[INFO] [stdout]     |
[INFO] [stdout] 471 |             client.clone(),
[INFO] [stdout]     |                    ^^^^^ method not found in `std::sync::Arc<_>`
[INFO] [stdout]     |
[INFO] [stdout]     = note: `client` is a function, perhaps you wish to call it
[INFO] [stdout] 
[INFO] [stdout] 
[INFO] [stdout] error[E0599]: no method named `clone` found for struct `std::sync::Arc<_>` in the current scope
[INFO] [stdout]    --> src/basic_authorship.rs:476:11
[INFO] [stdout]     |
[INFO] [stdout] 476 |             client.clone(),
[INFO] [stdout]     |                    ^^^^^ method not found in `std::sync::Arc<_>`
[INFO] [stdout]     |
[INFO] [stdout]     = note: `client` is a function, perhaps you wish to call it
[INFO] [stdout] 
[INFO] [stdout] 
[INFO] [stdout] error[E0599]: no method named `header` found for struct `std::sync::Arc<_>` in the current scope
[INFO] [stdout]    --> src/basic_authorship.rs:483:12
[INFO] [stdout]     |
[INFO] [stdout] 483 |             &client.header(&BlockId::number(0)).unwrap().unwrap(),
[INFO] [stdout]     |                     ^^^^^^ method not found in `std::sync::Arc<_>`
[INFO] [stdout]     |
[INFO] [stdout]     = note: `client` is a function, perhaps you wish to call it
[INFO] [stdout] 
[INFO] [stdout] 
[INFO] [stdout] error[E0599]: no method named `clone` found for struct `std::sync::Arc<_>` in the current scope
[INFO] [stdout]    --> src/basic_authorship.rs:511:11
[INFO] [stdout]     |
[INFO] [stdout] 511 |             client.clone(),
[INFO] [stdout]     |                    ^^^^^ method not found in `std::sync::Arc<_>`
[INFO] [stdout]     |
[INFO] [stdout]     = note: `client` is a function, perhaps you wish to call it
[INFO] [stdout] 
[INFO] [stdout] 
[INFO] [stdout] error[E0599]: no method named `info` found for struct `std::sync::Arc<_>` in the current scope
[INFO] [stdout]    --> src/basic_authorship.rs:514:29
[INFO] [stdout]     |
[INFO] [stdout] 514 |         let genesis_hash = client.info().best_hash;
[INFO] [stdout]     |                                   ^^^^ method not found in `std::sync::Arc<_>`
[INFO] [stdout]     |
[INFO] [stdout]     = note: `client` is a function, perhaps you wish to call it
[INFO] [stdout] 
[INFO] [stdout] 
[INFO] [stdout] error[E0599]: no method named `header` found for struct `std::sync::Arc<_>` in the current scope
[INFO] [stdout]    --> src/basic_authorship.rs:523:12
[INFO] [stdout]     |
[INFO] [stdout] 523 |                 client.header(&BlockId::Number(0u64))
[INFO] [stdout]     |                        ^^^^^^ method not found in `std::sync::Arc<_>`
[INFO] [stdout]     |
[INFO] [stdout]     = note: `client` is a function, perhaps you wish to call it
[INFO] [stdout] 
[INFO] [stdout] 
[INFO] [stdout] error[E0599]: no method named `clone` found for struct `std::sync::Arc<_>` in the current scope
[INFO] [stdout]    --> src/basic_authorship.rs:531:11
[INFO] [stdout]     |
[INFO] [stdout] 531 |             client.clone(),
[INFO] [stdout]     |                    ^^^^^ method not found in `std::sync::Arc<_>`
[INFO] [stdout]     |
[INFO] [stdout]     = note: `client` is a function, perhaps you wish to call it
[INFO] [stdout] 
[INFO] [stdout] 
[INFO] [stdout] error[E0599]: no method named `header` found for struct `std::sync::Arc<_>` in the current scope
[INFO] [stdout]    --> src/basic_authorship.rs:537:12
[INFO] [stdout]     |
[INFO] [stdout] 537 |             &client.header(&block_id).unwrap().unwrap(),
[INFO] [stdout]     |                     ^^^^^^ method not found in `std::sync::Arc<_>`
[INFO] [stdout]     |
[INFO] [stdout]     = note: `client` is a function, perhaps you wish to call it
[INFO] [stdout] 
[INFO] [stdout] 
[INFO] [stdout] error[E0599]: no method named `runtime_api` found for struct `std::sync::Arc<_>` in the current scope
[INFO] [stdout]    --> src/basic_authorship.rs:548:20
[INFO] [stdout]     |
[INFO] [stdout] 548 |         let api = client.runtime_api();
[INFO] [stdout]     |                          ^^^^^^^^^^^ method not found in `std::sync::Arc<_>`
[INFO] [stdout]     |
[INFO] [stdout]     = note: `client` is a function, perhaps you wish to call it
[INFO] [stdout] 
[INFO] [stdout] 
[INFO] [stdout] error[E0599]: no method named `clone` found for struct `std::sync::Arc<_>` in the current scope
[INFO] [stdout]    --> src/basic_authorship.rs:578:11
[INFO] [stdout]     |
[INFO] [stdout] 578 |             client.clone(),
[INFO] [stdout]     |                    ^^^^^ method not found in `std::sync::Arc<_>`
[INFO] [stdout]     |
[INFO] [stdout]     = note: `client` is a function, perhaps you wish to call it
[INFO] [stdout] 
[INFO] [stdout] 
[INFO] [stdout] error[E0599]: no method named `clone` found for struct `std::sync::Arc<_>` in the current scope
[INFO] [stdout]    --> src/basic_authorship.rs:605:11
[INFO] [stdout]     |
[INFO] [stdout] 605 |             client.clone(),
[INFO] [stdout]     |                    ^^^^^ method not found in `std::sync::Arc<_>`
[INFO] [stdout]     |
[INFO] [stdout]     = note: `client` is a function, perhaps you wish to call it
[INFO] [stdout] 
[INFO] [stdout] 
[INFO] [stdout] error[E0599]: no method named `header` found for struct `std::sync::Arc<_>` in the current scope
[INFO] [stdout]    --> src/basic_authorship.rs:636:12
[INFO] [stdout]     |
[INFO] [stdout] 636 |                 client.header(&BlockId::Number(0u64))
[INFO] [stdout]     |                        ^^^^^^ method not found in `std::sync::Arc<_>`
[INFO] [stdout]     |
[INFO] [stdout]     = note: `client` is a function, perhaps you wish to call it
[INFO] [stdout] 
[INFO] [stdout] 
[INFO] [stdout] error[E0599]: no method named `import` found for struct `std::sync::Arc<_>` in the current scope
[INFO] [stdout]    --> src/basic_authorship.rs:644:10
[INFO] [stdout]     |
[INFO] [stdout] 644 |         client.import(BlockOrigin::Own, block).unwrap();
[INFO] [stdout]     |                ^^^^^^ method not found in `std::sync::Arc<_>`
[INFO] [stdout]     |
[INFO] [stdout]     = note: `client` is a function, perhaps you wish to call it
[INFO] [stdout] 
[INFO] [stdout] 
[INFO] [stdout] error[E0599]: no method named `header` found for struct `std::sync::Arc<_>` in the current scope
[INFO] [stdout]    --> src/basic_authorship.rs:648:12
[INFO] [stdout]     |
[INFO] [stdout] 648 |                 client.header(&BlockId::Number(1))
[INFO] [stdout]     |                        ^^^^^^ method not found in `std::sync::Arc<_>`
[INFO] [stdout]     |
[INFO] [stdout]     = note: `client` is a function, perhaps you wish to call it
[INFO] [stdout] 
[INFO] [stdout] 
[INFO] [stdout] error[E0599]: no method named `import` found for struct `std::sync::Arc<_>` in the current scope
[INFO] [stdout]    --> src/basic_authorship.rs:656:10
[INFO] [stdout]     |
[INFO] [stdout] 656 |         client.import(BlockOrigin::Own, block).unwrap();
[INFO] [stdout]     |                ^^^^^^ method not found in `std::sync::Arc<_>`
[INFO] [stdout]     |
[INFO] [stdout]     = note: `client` is a function, perhaps you wish to call it
[INFO] [stdout] 
[INFO] [stdout] 
[INFO] [stdout] warning: unused import: `tp_api::Core`
[INFO] [stdout]    --> src/basic_authorship.rs:379:6
[INFO] [stdout]     |
[INFO] [stdout] 379 |     use tp_api::Core;
[INFO] [stdout]     |         ^^^^^^^^^^^^
[INFO] [stdout]     |
[INFO] [stdout]     = note: `#[warn(unused_imports)]` on by default
[INFO] [stdout] 
[INFO] [stdout] 
[INFO] [stdout] warning: unused import: `tp_blockchain::HeaderBackend`
[INFO] [stdout]    --> src/basic_authorship.rs:380:6
[INFO] [stdout]     |
[INFO] [stdout] 380 |     use tp_blockchain::HeaderBackend;
[INFO] [stdout]     |         ^^^^^^^^^^^^^^^^^^^^^^^^^^^^
[INFO] [stdout] 
[INFO] [stdout] 
[INFO] [stdout] warning: unused import: `tc_client_api::Backend`
[INFO] [stdout]    --> src/basic_authorship.rs:382:6
[INFO] [stdout]     |
[INFO] [stdout] 382 |     use tc_client_api::Backend;
[INFO] [stdout]     |         ^^^^^^^^^^^^^^^^^^^^^^
[INFO] [stdout] 
[INFO] [stdout] 
[INFO] [stdout] error: aborting due to 32 previous errors; 3 warnings emitted
[INFO] [stdout] 
[INFO] [stdout] 
[INFO] [stdout] Some errors have detailed explanations: E0412, E0422, E0432, E0433, E0599.
[INFO] [stdout] 
[INFO] [stdout] For more information about an error, try `rustc --explain E0412`.
[INFO] [stdout] 
[INFO] [stderr] error: could not compile `tc-basic-authorship`
[INFO] [stderr] 
[INFO] [stderr] To learn more, run the command again with --verbose.
[INFO] running `Command { std: "docker" "inspect" "46ac6e4b178da273f077ecdb6c676a671bb1e2781799f3f37d5ca53aafaeecae", kill_on_drop: false }`
[INFO] running `Command { std: "docker" "rm" "-f" "46ac6e4b178da273f077ecdb6c676a671bb1e2781799f3f37d5ca53aafaeecae", kill_on_drop: false }`
[INFO] [stdout] 46ac6e4b178da273f077ecdb6c676a671bb1e2781799f3f37d5ca53aafaeecae
